{"id":10,"date":"2021-05-13T05:31:27","date_gmt":"2021-05-13T05:31:27","guid":{"rendered":"http:\/\/gsyasociados.com\/?page_id=10"},"modified":"2021-08-18T10:55:42","modified_gmt":"2021-08-18T15:55:42","slug":"home","status":"publish","type":"page","link":"https:\/\/www.gsyasociados.com\/","title":{"rendered":"Home"},"content":{"rendered":"\n<div class=\"wp-block-cover alignfull has-background-dim\" style=\"background-color:#0f57fb;min-height:900px;aspect-ratio:unset;\"><div class=\"wp-block-cover__inner-container is-layout-flow wp-block-cover-is-layout-flow\">\n<div class=\"wp-block-media-text alignwide has-media-on-the-right is-stacked-on-mobile is-vertically-aligned-center\" style=\"grid-template-columns:auto 46%\"><figure class=\"wp-block-media-text__media\"><img loading=\"lazy\" decoding=\"async\" width=\"1024\" height=\"683\" src=\"http:\/\/gsyasociados.com\/wp-content\/uploads\/2021\/08\/office-business-men-1209640-1024x683.jpg\" alt=\"office, business, men-1209640.jpg\" class=\"wp-image-252 size-full\" srcset=\"https:\/\/www.gsyasociados.com\/wp-content\/uploads\/2021\/08\/office-business-men-1209640-1024x683.jpg 1024w, https:\/\/www.gsyasociados.com\/wp-content\/uploads\/2021\/08\/office-business-men-1209640-300x200.jpg 300w, https:\/\/www.gsyasociados.com\/wp-content\/uploads\/2021\/08\/office-business-men-1209640-768x512.jpg 768w, https:\/\/www.gsyasociados.com\/wp-content\/uploads\/2021\/08\/office-business-men-1209640.jpg 1280w\" sizes=\"auto, (max-width: 1024px) 100vw, 1024px\" \/><\/figure><div class=\"wp-block-media-text__content\">\n<h1 class=\"has-text-color wp-block-heading\" style=\"color:#ffffff\">G\u00f3mez Serrato y Asociados<\/h1>\n\n\n\n<p class=\"has-text-color\" style=\"color:#ffffff\">Analizamos los objetivos sociales de nuestros clientes, con la promesa de acompa\u00f1arlos en su desarrollo y apoyarlos con la experiencia de nuestros socios y colaboradores.<\/p>\n\n\n\n<div class=\"wp-block-buttons is-layout-flex wp-block-buttons-is-layout-flex\">\n<div class=\"wp-block-button\"><a class=\"wp-block-button__link has-text-color has-background\" href=\"mailto:info@gsyasociados.com\" style=\"background-color:#ffffff;color:#0f57fb\">Cont\u00e1ctenos<\/a><\/div>\n<\/div>\n<\/div><\/div>\n<\/div><\/div>\n\n\n\n<div class=\"wp-block-group alignfull is-layout-flow wp-block-group-is-layout-flow\"><div class=\"wp-block-group__inner-container\">\n<div class=\"wp-block-media-text alignwide is-stacked-on-mobile\" style=\"grid-template-columns:42% auto\"><figure class=\"wp-block-media-text__media\"><img loading=\"lazy\" decoding=\"async\" width=\"683\" height=\"1024\" src=\"http:\/\/gsyasociados.com\/wp-content\/uploads\/2021\/08\/nnmba7y1ymk-683x1024.jpg\" alt=\"\" class=\"wp-image-255 size-full\" srcset=\"https:\/\/www.gsyasociados.com\/wp-content\/uploads\/2021\/08\/nnmba7y1ymk-683x1024.jpg 683w, https:\/\/www.gsyasociados.com\/wp-content\/uploads\/2021\/08\/nnmba7y1ymk-200x300.jpg 200w, https:\/\/www.gsyasociados.com\/wp-content\/uploads\/2021\/08\/nnmba7y1ymk-768x1152.jpg 768w, https:\/\/www.gsyasociados.com\/wp-content\/uploads\/2021\/08\/nnmba7y1ymk.jpg 800w\" sizes=\"auto, (max-width: 683px) 100vw, 683px\" \/><\/figure><div class=\"wp-block-media-text__content\">\n<h5 class=\"wp-block-heading\">Qui\u00e9nes somos<\/h5>\n\n\n\n<h2 class=\"wp-block-heading\">Nuestra empresa nace de la uni\u00f3n de varios profesionales de la Contadur\u00eda P\u00fablica<\/h2>\n\n\n\n<p>Nuestro equipo est\u00e1 en capacidad de entregar en cada uno de sus encargos, altas calidades de profesionalismo y m\u00e9todo, que garanticen llenar las necesidades que su organizaci\u00f3n pueda presentar.<\/p>\n\n\n\n<div class=\"wp-block-buttons is-layout-flex wp-block-buttons-is-layout-flex\">\n<div class=\"wp-block-button\"><a class=\"wp-block-button__link\" href=\"mailto:info@gsyasociados.com\">Cont\u00e1ctenos<\/a><\/div>\n<\/div>\n<\/div><\/div>\n\n\n\n<div style=\"height:68px\" aria-hidden=\"true\" class=\"wp-block-spacer\"><\/div>\n\n\n\n<h2 class=\"has-text-align-center wp-block-heading\">\u00bfC\u00f3mo podemos ayudarlo?<\/h2>\n\n\n\n<div class=\"wp-block-columns alignwide is-layout-flex wp-container-core-columns-is-layout-28f84493 wp-block-columns-is-layout-flex\">\n<div class=\"wp-block-column is-layout-flow wp-block-column-is-layout-flow\">\n<figure class=\"wp-block-image size-medium is-style-default\"><img loading=\"lazy\" decoding=\"async\" width=\"300\" height=\"300\" src=\"http:\/\/gsyasociados.com\/wp-content\/uploads\/2021\/08\/5zreicketm-300x300.jpg\" alt=\"turned-off black laptop computer beside green succulents\" class=\"wp-image-257\" srcset=\"https:\/\/www.gsyasociados.com\/wp-content\/uploads\/2021\/08\/5zreicketm-300x300.jpg 300w, https:\/\/www.gsyasociados.com\/wp-content\/uploads\/2021\/08\/5zreicketm-1024x1024.jpg 1024w, https:\/\/www.gsyasociados.com\/wp-content\/uploads\/2021\/08\/5zreicketm-150x150.jpg 150w, https:\/\/www.gsyasociados.com\/wp-content\/uploads\/2021\/08\/5zreicketm-768x768.jpg 768w, https:\/\/www.gsyasociados.com\/wp-content\/uploads\/2021\/08\/5zreicketm.jpg 1200w\" sizes=\"auto, (max-width: 300px) 100vw, 300px\" \/><\/figure>\n\n\n\n<h4 class=\"wp-block-heading\">Auditor\u00eda<\/h4>\n\n\n\n<p>Nuestra empresa posee la experiencia necesaria para proveer servicios de aseguramiento de informaci\u00f3n financiera y no financiera, dirigidos a usuarios internos y externos interesados en la empresa.<\/p>\n<\/div>\n\n\n\n<div class=\"wp-block-column is-layout-flow wp-block-column-is-layout-flow\">\n<figure class=\"wp-block-image size-medium\"><img loading=\"lazy\" decoding=\"async\" width=\"300\" height=\"300\" src=\"http:\/\/gsyasociados.com\/wp-content\/uploads\/2021\/08\/hqceqtc5gza-e1629300902255-300x300.jpg\" alt=\"close-up photo of black camera lens\" class=\"wp-image-258\" srcset=\"https:\/\/www.gsyasociados.com\/wp-content\/uploads\/2021\/08\/hqceqtc5gza-e1629300902255-300x300.jpg 300w, https:\/\/www.gsyasociados.com\/wp-content\/uploads\/2021\/08\/hqceqtc5gza-e1629300902255-150x150.jpg 150w, https:\/\/www.gsyasociados.com\/wp-content\/uploads\/2021\/08\/hqceqtc5gza-e1629300902255-768x768.jpg 768w, https:\/\/www.gsyasociados.com\/wp-content\/uploads\/2021\/08\/hqceqtc5gza-e1629300902255.jpg 801w\" sizes=\"auto, (max-width: 300px) 100vw, 300px\" \/><\/figure>\n\n\n\n<h4 class=\"wp-block-heading\">Revisor\u00eda fiscal<\/h4>\n\n\n\n<p>Nuestro objetivo en Revisor\u00eda Fiscal es dar cumplimiento a las actividades establecidas por el C\u00f3digo de Comercio y dem\u00e1s normas sobre la materia.<br><br>La labor en calidad est\u00e1 enfocada al cumplimiento de las disposiciones legales y normas estatutarias, en la evaluaci\u00f3n de la gesti\u00f3n de la administraci\u00f3n y en el desarrollo del objeto social de las organizaciones, con el prop\u00f3sito de expresar una opini\u00f3n independiente sobre la situaci\u00f3n financiera de nuestros clientes<\/p>\n<\/div>\n\n\n\n<div class=\"wp-block-column is-layout-flow wp-block-column-is-layout-flow\">\n<figure class=\"wp-block-image size-medium\"><img loading=\"lazy\" decoding=\"async\" width=\"300\" height=\"300\" src=\"http:\/\/gsyasociados.com\/wp-content\/uploads\/2021\/08\/wu_a2tg0brc-e1629301055319-300x300.jpg\" alt=\"white and black concrete building\" class=\"wp-image-259\" srcset=\"https:\/\/www.gsyasociados.com\/wp-content\/uploads\/2021\/08\/wu_a2tg0brc-e1629301055319-300x300.jpg 300w, https:\/\/www.gsyasociados.com\/wp-content\/uploads\/2021\/08\/wu_a2tg0brc-e1629301055319-1024x1024.jpg 1024w, https:\/\/www.gsyasociados.com\/wp-content\/uploads\/2021\/08\/wu_a2tg0brc-e1629301055319-150x150.jpg 150w, https:\/\/www.gsyasociados.com\/wp-content\/uploads\/2021\/08\/wu_a2tg0brc-e1629301055319-768x768.jpg 768w, https:\/\/www.gsyasociados.com\/wp-content\/uploads\/2021\/08\/wu_a2tg0brc-e1629301055319.jpg 1101w\" sizes=\"auto, (max-width: 300px) 100vw, 300px\" \/><\/figure>\n\n\n\n<h4 class=\"wp-block-heading\">Outsourcing contable<\/h4>\n\n\n\n<p>El proceso contable de su empresa, a trav\u00e9s de nuestros servicios de outsourcing ser\u00e1 optimizado, para cumplir mensualmente con los requerimientos internos y externos que se consideren necesarios, obteniendo la informaci\u00f3n necesaria para el pago de las obligaciones y la creaci\u00f3n de informes contables que ayuden a la toma de decisiones en el tiempo justo.<\/p>\n<\/div>\n<\/div>\n<\/div><\/div>\n\n\n\n<div class=\"wp-block-media-text has-media-on-the-right is-stacked-on-mobile is-vertically-aligned-center has-background\" style=\"background-color:#0f57fb\"><figure class=\"wp-block-media-text__media\"><img loading=\"lazy\" decoding=\"async\" width=\"1024\" height=\"768\" src=\"http:\/\/gsyasociados.com\/wp-content\/uploads\/2021\/08\/owvrb-m3gwe-1024x768.jpg\" alt=\"iPhone X beside MacBook\" class=\"wp-image-260 size-full\" srcset=\"https:\/\/www.gsyasociados.com\/wp-content\/uploads\/2021\/08\/owvrb-m3gwe-1024x768.jpg 1024w, https:\/\/www.gsyasociados.com\/wp-content\/uploads\/2021\/08\/owvrb-m3gwe-300x225.jpg 300w, https:\/\/www.gsyasociados.com\/wp-content\/uploads\/2021\/08\/owvrb-m3gwe-768x576.jpg 768w, https:\/\/www.gsyasociados.com\/wp-content\/uploads\/2021\/08\/owvrb-m3gwe-1536x1152.jpg 1536w, https:\/\/www.gsyasociados.com\/wp-content\/uploads\/2021\/08\/owvrb-m3gwe.jpg 1600w\" sizes=\"auto, (max-width: 1024px) 100vw, 1024px\" \/><\/figure><div class=\"wp-block-media-text__content\">\n<div class=\"wp-block-group is-layout-flow wp-block-group-is-layout-flow\"><div class=\"wp-block-group__inner-container\">\n<h2 class=\"has-text-align-center has-white-color has-text-color wp-block-heading\">\u00bfNos necesita?<\/h2>\n\n\n\n<p class=\"has-text-align-center has-white-color has-text-color\">Al tenor de sus necesidades, estaremos gustosos en atender sus solicitudes o guiar sus expectativas a la soluci\u00f3n que m\u00e1s se ajuste. Siempre pensando en servir a nuestros clientes.<\/p>\n\n\n\n<div class=\"wp-block-buttons is-content-justification-center is-layout-flex wp-block-buttons-is-layout-flex\">\n<div class=\"wp-block-button\"><a class=\"wp-block-button__link has-text-color has-background\" href=\"mailto:info@gsyasociados.com\" style=\"background-color:#ffffff;color:#0f57fb\">info@gsyasociados.com<\/a><\/div>\n<\/div>\n<\/div><\/div>\n<\/div><\/div>\n","protected":false},"excerpt":{"rendered":"<p>Qui\u00e9nes somos Nuestra empresa nace de la uni\u00f3n de varios profesionales de la Contadur\u00eda P\u00fablica Nuestro equipo est\u00e1 en capacidad de entregar en cada uno de sus encargos, altas calidades de profesionalismo y m\u00e9todo, que garanticen llenar las necesidades que su organizaci\u00f3n pueda presentar. \u00bfC\u00f3mo podemos ayudarlo? Auditor\u00eda Nuestra empresa posee la experiencia necesaria para [&hellip;]<\/p>\n","protected":false},"author":1,"featured_media":0,"parent":0,"menu_order":0,"comment_status":"closed","ping_status":"closed","template":"","meta":{"site-sidebar-layout":"no-sidebar","site-content-layout":"plain-container","ast-site-content-layout":"default","site-content-style":"default","site-sidebar-style":"default","ast-global-header-display":"","ast-banner-title-visibility":"","ast-main-header-display":"","ast-hfb-above-header-display":"","ast-hfb-below-header-display":"","ast-hfb-mobile-header-display":"","site-post-title":"disabled","ast-breadcrumbs-content":"","ast-featured-img":"","footer-sml-layout":"","ast-disable-related-posts":"","theme-transparent-header-meta":"enabled","adv-header-id-meta":"","stick-header-meta":"","header-above-stick-meta":"","header-main-stick-meta":"","header-below-stick-meta":"","astra-migrate-meta-layouts":"default","ast-page-background-enabled":"default","ast-page-background-meta":{"desktop":{"background-color":"","background-image":"","background-repeat":"repeat","background-position":"center center","background-size":"auto","background-attachment":"scroll","background-type":"","background-media":"","overlay-type":"","overlay-color":"","overlay-opacity":"","overlay-gradient":""},"tablet":{"background-color":"","background-image":"","background-repeat":"repeat","background-position":"center center","background-size":"auto","background-attachment":"scroll","background-type":"","background-media":"","overlay-type":"","overlay-color":"","overlay-opacity":"","overlay-gradient":""},"mobile":{"background-color":"","background-image":"","background-repeat":"repeat","background-position":"center center","background-size":"auto","background-attachment":"scroll","background-type":"","background-media":"","overlay-type":"","overlay-color":"","overlay-opacity":"","overlay-gradient":""}},"ast-content-background-meta":{"desktop":{"background-color":"var(--ast-global-color-5)","background-image":"","background-repeat":"repeat","background-position":"center center","background-size":"auto","background-attachment":"scroll","background-type":"","background-media":"","overlay-type":"","overlay-color":"","overlay-opacity":"","overlay-gradient":""},"tablet":{"background-color":"var(--ast-global-color-5)","background-image":"","background-repeat":"repeat","background-position":"center center","background-size":"auto","background-attachment":"scroll","background-type":"","background-media":"","overlay-type":"","overlay-color":"","overlay-opacity":"","overlay-gradient":""},"mobile":{"background-color":"var(--ast-global-color-5)","background-image":"","background-repeat":"repeat","background-position":"center center","background-size":"auto","background-attachment":"scroll","background-type":"","background-media":"","overlay-type":"","overlay-color":"","overlay-opacity":"","overlay-gradient":""}},"footnotes":""},"class_list":["post-10","page","type-page","status-publish","hentry"],"brizy_media":[],"_links":{"self":[{"href":"https:\/\/www.gsyasociados.com\/index.php?rest_route=\/wp\/v2\/pages\/10","targetHints":{"allow":["GET"]}}],"collection":[{"href":"https:\/\/www.gsyasociados.com\/index.php?rest_route=\/wp\/v2\/pages"}],"about":[{"href":"https:\/\/www.gsyasociados.com\/index.php?rest_route=\/wp\/v2\/types\/page"}],"author":[{"embeddable":true,"href":"https:\/\/www.gsyasociados.com\/index.php?rest_route=\/wp\/v2\/users\/1"}],"replies":[{"embeddable":true,"href":"https:\/\/www.gsyasociados.com\/index.php?rest_route=%2Fwp%2Fv2%2Fcomments&post=10"}],"version-history":[{"count":4,"href":"https:\/\/www.gsyasociados.com\/index.php?rest_route=\/wp\/v2\/pages\/10\/revisions"}],"predecessor-version":[{"id":272,"href":"https:\/\/www.gsyasociados.com\/index.php?rest_route=\/wp\/v2\/pages\/10\/revisions\/272"}],"wp:attachment":[{"href":"https:\/\/www.gsyasociados.com\/index.php?rest_route=%2Fwp%2Fv2%2Fmedia&parent=10"}],"curies":[{"name":"wp","href":"https:\/\/api.w.org\/{rel}","templated":true}]}}